at is i(g)?
8
Let r(f) be the third derivative of -f**5/60 + f**4/24 + 5*f**3/6 - 2*f**2 + 140*f. Give r(0).
5
Let i(s) = -18*s - 41. Let l be i(-3). Let m(h) = -h**3 + 13*h**2 - 2. Calculate m(l).
-2
Let l(u) = -7*u + 6. Let n(f) be the third derivative of f**4/3 - 7*f**3/6 - 10*f**2. Let z(i) = -5*l(i) - 4*n(i). Give z(6).
16
Let a(g) be the first derivative of g**2/2 - 9*g - 115. Let n be (5/(-10))/((-1)/(-8)). Let s be n/(-10) - (-2)/(-5). Give a(s).
-9
Let h(p) be the first derivative of p**4/4 + p**3/3 - p + 3. Let z(y) = y + 5. Let g be z(6). Let o = g + -12. Give h(o).
-1
Let u(l) = 3 - l - l**3 - 5*l**2 - 2 + 2*l**3. Suppose i = 2*g + 3*i - 6, -g - 4*i + 3 = 0. Suppose n + g*j - 2 = 0, 3*j - 2*j - 14 = -3*n. What is u(n)?
-4
Let j(t) = -2*t - 2. Let w be j(-13). Let c = -5 + w. Suppose -4*u = -0*u + s - 23, -c = -3*u + s. Let k(v) = v + 2. Give k(u).
8
Let j(x) = x. Let w(c) = -35*c + 20. Let u(y) = -6*j(y) - w(y). Let l(i) = 10*i - 7. Let d(m) = -17*l(m) + 6*u(m). Let p = -72 - -69. What is d(p)?
-13
Let s = 870 - 870. Let h(q) be the first derivative of q - 1/4*q**4 - 5 + s*q**2 - 5/3*q**3. Calculate h(-5).
1
Let x = -5 + 17. Let d be 4*(15/x + 0). Suppose -d*o = -4*q - 38, -5*q = 6*o - 2*o + 27. Let h(c) = -c**2 - 8*c - 3. What is h(q)?
4
Let d(j) = j**3 + 5*j**2 + 5*j + 4. Let h be ((-36)/20)/(-3)*15. Let n be h/27*(1 + -13). Calculate d(n).
0
Let k(v) = -1. Let s(r) be the third derivative of -r**4/24 - r**2. Let h(j) = -2*k(j) - 2*s(j). Determine h(-4).
-6
Let c be (10/15)/(1/9). Suppose 2*i - c = 4. Let g(r) = 7*r**2 - 10*r - 4. Let o(z) = -4*z**2 + 5*z + 2. Let b(q) = 3*g(q) + 5*o(q). What is b(i)?
-2
Let o = -23 + 25. Let w(c) = 4*c**o + 4*c**2 + 4*c**2 - 3*c**2. What is w(1)?
9
Let f = -2 + 0. Let t be (-1 - f)*(0 - 1). Let o(x) = -32 + x - 20 + 51. Give o(t).
-2
Let q be (-1)/((-4)/(25 + 3)). Let p(f) = -4*f + 3*f**2 - f**2 + 2*f**2 + 2. Let s(d) = 2*d**2 - 2*d + 1. Let r(l) = q*s(l) - 3*p(l). Determine r(3).
13
Let s(b) = b**2 + 2*b - 2. Let v(f) = -4*f**2 - 2*f + 1. Let h(w) = 2*s(w) + 3*v(w). Let l be 4/2*-1 - -1. What is h(l)?
-9
Let d(y) be the third derivative of -y**7/840 - y**6/40 + y**5/120 - y**4/4 + 55*y**3/6 - 52*y**2. Let v(i) be the first derivative of d(i). Determine v(-9).
-15
Let c(m) = -3*m - 1 + 6 + m. Let j(d) = d**3 + 9*d**2 + 3*d + 31. Let r be j(-9). What is c(r)?
-3
Suppose -4*n = 7 - 23, -3*u = -3*n - 21. Let g(p) = 3*p**3 + 6 - 3*p - u*p**3 + 9*p**2 + 7*p**3 - 4*p**2. Determine g(4).
10
Let a = -803 + 799. Let d(j) = -j. Let o(l) = -6. Let z(h) = 2*d(h) + o(h). Determine z(a).
2
Let q(w) = -7*w**2 + 14*w - 1. Let i(y) = 14*y**2 - 13*y + 2 - 19*y**2 + 11*y**2. Let v(l) = 6*i(l) + 5*q(l). What is v(5)?
-8
Let t(a) be the first derivative of 2*a**2 - 15*a + 368. What is t(3)?
-3
Let q(y) be the second derivative of 5/2*y**2 - 1/6*y**3 + 0 + 7*y. Determine q(0).
5
Suppose 3*u + 12 = 0, 3*g + g = 3*u. Let f(h) = 2 + 3*h - 10*h + 2*h + 4*h. Determine f(g).
5
Let y(c) = -439*c**2 - 15*c + 8 + 881*c**2 + 12 - 9*c - 444*c**2. Give y(-12).
20
Suppose -6*s = 26*s - 64. Let v(x) = 4*x**3 - 2*x**2 - 2. Give v(s).
22
Let l = 6 + -12. Suppose 0 = -11*i + 16*i - 10. Let s(y) = 2*y**i + 2*y**3 + 4*y**2 - y**3 - 5*y - y**2 - 8. Calculate s(l).
-14
Let i(v) = -4*v + 18. Suppose 6*n + 262 = 310. What is i(n)?
-14
Let s(g) be the first derivative of -g**3/3 - 2*g**2 - 2*g + 90. Calculate s(-4).
-2
Let l be 36/48 - (-42)/8. Let y(v) = v**2 - 7*v + 4. Give y(l).
-2
Let p(f) be the third derivative of -1/60*f**5 + 14*f**2 + 0 + 1/3*f**3 + 0*f - 1/24*f**4. Give p(-2).
0
Let j(i) = -i**3 + 4*i**2 - 3*i - 1. Suppose 5*q - 74 = 4*f, 4*f = 3*q + 6*f - 62. Suppose q - 6 = 3*u. Calculate j(u).
-13
Let d be (4 - 0/(-2)) + 0/(-2). Let a(f) = 18*f**2 + 0*f - 2*f - 10*f**2 + d - 6*f + f**3. Calculate a(-9).
-5
Let h = -11 - -28. Let a = 36 + -57. Let y = a + h. Let z(g) = g**2 + 3*g + 2. Give z(y).
6
Let i(u) be the third derivative of 0*u + 1/6*u**3 - 2/15*u**5 + 7/24*u**4 + 3*u**2 + 1 + 1/120*u**6. What is i(7)?
1
Suppose -5*y + 3*y + f + 4 = 0, f = -2*y. Let j(t) = 3 + 14*t - y - 10*t. Give j(2).
10
Let d(m) be the second derivative of m**4/12 - 2*m**3/3 - 7*m**2/2 - 5*m - 6. Give d(6).
5
Let z(l) = 10*l**2 + 5*l + 1. Let y(d) = -d**2 + 2*d - 1. Let t(q) = 3*y(q) - z(q). What is t(2)?
-54
Let g(n) be the third derivative of -n**4/24 + 4*n**3 + 8*n**2 - 8. Give g(17).
7
Let r(h) = -11031 + 11022 - 6*h + 5*h. Calculate r(-15).
6
Let k(z) = -14*z + 3 + 4*z + 6*z + 3*z. Give k(9).
-6
Suppose 13 = 4*b - 11. Let n(l) = -b*l**3 - l**3 + 0*l**3 + 0*l**3. Calculate n(-1).
7
Let d(h) = -h**2 - 2*h + 2. Let p be d(-2). Let m(f) = -f**3 - 7*f**2 - 5*f + 8. Let v be m(-6). Let t(c) = -v*c + 2 + 2 - 6. Determine t(p).
-6
Let u be 2 + 54/(-24) - 17/(-4). Let j(h) = h - 8. What is j(u)?
-4
Let t(m) be the third derivative of -m**6/120 - 2*m**5/15 + 5*m**3/6 - m**2. Determine t(-8).
5
Let y(o) = -o**2 + 51*o + 0*o**2 - 55*o. Determine y(-3).
3
Let s(c) = 7*c**2 + 4*c + 4. Suppose 4*a + 1 = -y, a + 5*y - 10 - 4 = 0. Give s(a).
7
Let j(y) = -3*y**2 + 4*y - 35. Let m(v) = 4*v**2 - 5*v + 36. Let i(l) = -5*j(l) - 4*m(l). Determine i(0).
31
Suppose -7*z = 9*z + 64. Let y(t) = -t**3 + 2*t - 5. Give y(z).
51
Let k(z) be the second derivative of z**3/2 + 7*z**2/2 + 4*z + 16. Calculate k(-4).
-5
Let h(l) be the second derivative of l**5/20 + l**4/2 + l**3/6 - l**2/2 + l. Let u = -67 + 61. Determine h(u).
-7
Suppose -2*l + 32 = 3*a, 3*l - 7*l + 40 = 3*a. Let h(g) = 4*g - 6. Calculate h(a).
26
Let y(x) be the first derivative of -x**2/2 - 2*x - 1. Suppose -7*n = -5*n - 8. What is y(n)?
-6
Suppose 3*z - 9 = 6. Let x(v) = -2*v**3 + 21*v**2 - 5*v - 7. Let s(k) = -3*k**3 + 31*k**2 - 7*k - 10. Let o(w) = z*s(w) - 7*x(w). Calculate o(8).
-1
Suppose 8 + 1 = 3*g. Let j = -10 + g. Let o(n) = n**2 + 8*n - 5. Calculate o(j).
-12
Suppose 5*n = n - 4. Let s(j) be the second derivative of j**5/20 - j**3/6 + 37*j. What is s(n)?
0
Let w(a) be the third derivative of -3 + 0*a - 1/24*a**4 + 7/6*a**3 - 5*a**2. What is w(-5)?
12
Let a(h) = -h**3 + 14*h**2 - 16*h + 41. Let z be a(13). Let p(k) = 3*k**2 + 11*k + 2. Let d(n) = n**2 + 4*n + 1. Let o(u) = -8*d(u) + 3*p(u). Give o(z).
4
Let j = -5 - -4. Let a(u) be the first derivative of -13*u**2/2 + 7. Give a(j).
13
Let i = 127 + -100. Let l(t) = -7 + 26*t - i*t - 6. Calculate l(-6).
-7
Let m(i) = i**2 + 10*i + 15. Let a be m(-8). Let w(g) = -9*g**2 - 3*g - 2. Let p be w(a). Let n(r) = r + 2. Give n(p).
-6
Suppose -4*c + 3*c - 5 = -2*f, f + 3*c + 8 = 0. Let h(k) = 0*k**2 + 2*k - 1 + 4*k**2 + 2*k**2. Give h(f).
7
Let f(u) = -4*u**2 + u + 1. Let p(i) = i**3 + 17*i**2 + 18*i + 31. Let x be p(-16). Calculate f(x).
-4
Let i(o) = o - 8. Let s(w) be the second derivative of 3*w**4/4 + w**3/2 - 3*w**2/2 - 15*w. Let b be s(1). Determine i(b).
1
Let p(t) = -2*t**2 + 2*t + 18. Let f be p(4). Let s(d) = -d - 10. What is s(f)?
-4
Let b(v) = 4*v - 3. Let y be 18/10 + (-4)/(-20). Give b(y).
5
Let u(s) = s + 2. Let r be u(-6). Let i(h) = -98*h + 199*h - 98*h + 1. Give i(r).
-11
Suppose -3*n = -3*q + 2*n - 6, 2*n - 3 = q. Let x = -19 - q. Let j = -18 - x. Let t(w) = -3*w + 2. What is t(j)?
-10
Let p(n) be the first derivative of -n**4/4 + n**3 - 3*n**2/2 + 4*n + 364. Determine p(3).
-5
Suppose 2*x = b - 4, -6 + 2 = 2*x. Suppose -6 + b = -h. Let v(r) = -r**3 + 5*r**2 + 8*r - 5. What is v(h)?
7
Let v(l) = 2*l**2 + 4*l - 8. Let b(i) = i**2 + 4*i - 6. Let o(g) = 3*b(g) - 2*v(g). Let m be 26/8 - 2/8. Suppose -4*y + 3*y = -m. What is o(y)?
1
Let c(d) = -7*d**2 - 334*d + 337*d + d**3 + 2*d**2. Give c(4).
-4
Let c(f) = 2*f + 1. Let u = 40 - 19. Let a = u + -27. What is c(a)?
-11
Let h(l) = 18*l**3 - 1. Let t be 3*(-16)/12 - -20. Suppose 0 = -3*d + 2*d + 5*b + t, 0 = d - 2*b - 7. Give h(d).
17
Let m(j) be the first derivative of -3*j**4/2 + j**3/3 - j**2 + j - 82. What is m(1)?
-6
Suppose -4*k = -0*z - 3*z - 53, 3*k - 39 = 2*z. Let d(v) = -v**3 + 10*v**2 + 12*v + 8. Give d(k).
19
Let s(o) = 2*o - 2. Let i(x) = -13*x**2 - 7*x. Let c be i(-1). Determine s(c).
-14
Suppose -15*u - 7 = -52. Let l(y) = -y**3 - 2. Calculate l(u).
-29
Let v(r) = 2*r**2 + 20*r - 15. Let l be v(-11). Let f(c) = -c**2 + 2*c + 5. What is f(l)?
-30
Let p(q) = q + 6. Let v = -30 + 4